22033 a multiple of 127?
False
Is 1577737 a multiple of 169?
False
Is 6398 a factor of 1912017767?
False
Does 41 divide 7131130?
True
Does 314 divide 48508166?
False
Is 252 a factor of 8501067?
False
Is 29 a factor of 1798838477?
True
Is 41 a factor of 18122255?
False
Is 75 a factor of 937575?
True
Is 262 a factor of 224996222?
False
Is 27 a factor of 2099354748?
False
Is 20849927 a multiple of 379?
True
Is 35 a factor of 2586115?
True
Does 891 divide 324613378?
False
Does 5 divide 33027680?
True
Is 57 a factor of 397124130?
True
Is 9 a factor of 1899828?
True
Is 21 a factor of 813265?
False
Does 23 divide 18649274?
True
Is 12 a factor of 341425363?
False
Is 18479164 a multiple of 172?
True
Is 31969440 a multiple of 894?
True
Is 107435530 a multiple of 23?
True
Is 1256607390 a multiple of 597?
True
Is 35498455 a multiple of 5?
True
Is 2773 a factor of 18867563?
False
Is 6 a factor of 72218390?
False
Does 32 divide 32965504?
True
Is 20565404 a multiple of 4?
True
Is 11 a factor of 41432941?
True
Is 258585672 a multiple of 236?
True
Is 8640668 a multiple of 188?
True
Does 72 divide 64110785?
False
Is 2024548875 a multiple of 8416?
False
Is 5053 a factor of 1390166201?
True
Does 48 divide 17613399?
False
Does 15 divide 54060960?
True
Is 22383562 a multiple of 1726?
False
Is 92224027 a multiple of 49?
True
Does 54 divide 701239086?
True
Does 18 divide 603485498?
False
Is 244223322 a multiple of 21?
True
Is 647766612 a multiple of 2718?
False
Does 10 divide 25151380?
True
Is 117 a factor of 6136991?
False
Does 10 divide 85068180?
True
Is 2247624 a multiple of 372?
True
Is 68906178 a multiple of 198?
True
Is 244 a factor of 143461508?
True
Does 61 divide 393241039?
False
Does 39 divide 128042198?
False
Is 351 a factor of 280489365?
True
Is 115416697 a multiple of 209?
True
Is 8576156 a multiple of 425?
False
Is 3401973 a multiple of 773?
True
Is 2194304 a multiple of 56?
True
Is 21322003 a multiple of 139?
False
Does 3029 divide 754225933?
False
Is 70599851 a multiple of 18?
False
Is 2 a factor of 239819427?
False
Is 130549320 a multiple of 10?
True
Does 30 divide 131438310?
True
Is 3543434013 a multiple of 93?
True
Is 24 a factor of 162096738?
False
Is 1407 a factor of 90894330?
False
Is 1334750722 a multiple of 214?
False
Is 27210498 a multiple of 93?
True
Is 3 a factor of 7700598?
True
Is 76 a factor of 718194680?
True
Is 26647645 a multiple of 72?
False
Is 285494202 a multiple of 63?
True
Is 376097955 a multiple of 319?
False
Is 873 a factor of 21218265?
True
Is 14082056 a multiple of 856?
True
Is 18290091 a multiple of 8?
False
Is 461471700 a multiple of 2490?
True
Does 4 divide 160178972?
True
Is 46 a factor of 1247980368?
True
Is 539 a factor of 99142294?
False
Is 9678030 a multiple of 57?
True
Is 142782044 a multiple of 3?
False
Does 5 divide 146789889?
False
Is 80994272 a multiple of 8?
True
Is 239209753 a multiple of 11?
False
Does 13 divide 6689254?
True
Does 319 divide 1404943309?
True
Does 138 divide 182807220?
True
Is 1245978148 a multiple of 56?
False
Is 558386 a multiple of 2?
True
Is 135 a factor of 66386115?
True
Is 26 a factor of 299839826?
True
Is 45 a factor of 44698668?
False
Does 33 divide 28337100?
True
Is 790 a factor of 47247968?
False
Is 162984032 a multiple of 554?
False
Is 3457 a factor of 40028603?
True
Is 10 a factor of 265186040?
True
Is 100441754 a multiple of 259?
True
Does 488 divide 2771349?
False
Does 1240 divide 65661286?
False
Is 2 a factor of 50896160?
True
Is 80 a factor of 7102640?
True
Is 6961635 a multiple of 111?
False
Is 21028020 a multiple of 109?
False
Is 2233586350 a multiple of 13?
False
Is 477361193 a multiple of 62?
False
Is 530386592 a multiple of 16?
True
Is 69325344 a multiple of 2844?
True
Does 5048 divide 359558944?
True
Is 47146318 a multiple of 11?
False
Is 3 a factor of 391650161?
False
Does 519 divide 106076274?
False
Does 947 divide 29026885?
False
Does 4 divide 630008590?
False
Is 11163 a factor of 1556903610?
True
Does 7 divide 52279094?
True
Is 340946948 a multiple of 5295?
False
Does 4379 divide 142266912?
False
Is 72 a factor of 56817506?
False
Does 93 divide 534501690?
True
Is 603 a factor of 546771009?
False
Does 127 divide 625064983?
False
Does 8 divide 18649408?
True
Is 4339769918 a multiple of 341?
True
Does 12 divide 28820400?
True
Is 1585766160 a multiple of 176?
True
Is 14 a factor of 2210847951?
False
Does 221 divide 111249855?
False
Does 22 divide 1303045?
False
Is 323 a factor of 27681886?
False
Does 40 divide 9629940?
False
Does 3827 divide 1219106158?
True
Is 388 a factor of 92902138?
False
Is 43176708 a multiple of 261?
True
Does 117 divide 79249599?
True
Does 12 divide 20088168?
True
Does 10394 divide 1823273904?
True
Is 15836107 even?
False
Does 38 divide 276243470?
True
Does 50 divide 274681800?
True
Is 84670950 a multiple of 546?
True
Is 428396232 a multiple of 264?
True
Is 781 a factor of 1262470099?
True
Does 57 divide 509773372?
False
Is 234837108 a multiple of 36?
True
Is 1080 a factor of 812026395?
False
Is 36 a factor of 14781780?
True
Is 278 a factor of 3152118568?
True
Is 285 a factor of 155753825?
False
Is 55 a factor of 4671805949?
False
Does 826 divide 3456225192?
True
Is 37 a factor of 135954341?
False
Is 350 a factor of 4869276650?
True
Does 50 divide 6924750?
True
Is 45 a factor of 1695510810?
True
Does 518 divide 112791963?
False
Is 38775468 a multiple of 38?
False
Does 738 divide 120696210?
True
Does 490 divide 52122531?
False
Is 14 a factor of 1436023674?
False
Does 100 divide 26103580?
False
Is 547916136 a multiple of 1432?
True
Does 691 divide 75253577?
False
Is 91009527 a multiple of 717?
True
Is 22465808 a multiple of 37?
True
Is 214654692 a multiple of 474?
True
Is 153578929 a multiple of 1333?
True
Is 27 a factor of 1014945012?
True
Is 78205742 even?
True
Is 21 a factor of 9033801?
True
Is 284337551 a multiple of 218?
False
Is 57 a factor of 167407264?
False
Is 6 a factor of 474251101?
False
Is 42146304 a multiple of 16?
True
Is 885 a factor of 199337430?
False
Is 14793438 a multiple of 753?
True
Is 388233250 a multiple of 25?
True
Does 256 divide 943015424?
True
Is 397083337 a multiple of 3941?
True
Is 9160 a factor of 275670200?
True
Is 40554628 a multiple of 18?
False
Does 2285 divide 18391513?
False
Does 27 divide 864369711?
True
Is 52917140 a multiple of 173?
False
Is 366 a factor of 194501290?
False
Does 27 divide 51973164?
True
Is 1358629800 a multiple of 214?
False
Is 3401 a factor of 109013677?
False
Does 186 divide 133759313?
False
Is 10 a factor of 9467030?
True
Is 18 a factor of 44623494?
True
Does 43 divide 2912451669?
False
Does 11 divide 75156885?
False
Does 1404 divide 12578436?
True
Does 75 divide 31783704?
False
Does 5 divide 32997828?
False
Does 237 divide 30326092?
False
Is 942028465 a multiple of 25?
False
Does 44 divide 1049982531?
False
Does 10 divide 66030646?
False
Is 2617966 a multiple of 17?
True
Is 88299960 a multiple of 8?
True
Is 464 a factor of 218171474?
False
Does 2985 divide 4584960?
True
Does 268 divide 4602346?
False
Does 10 divide 33322013?
False
Is 94 a factor of 10750252?
False
Does 1243 divide 18796499?
False
Is 365 a factor of 7927435?
True
Is 155 a factor of 2478636620?
True
Does 691 divide 144426755?
False
Is 6 a factor of 6718343?
False
Is 239057515 a multiple of 2?
False
Is 155960112 a multiple of 3104?
False
Is 492 a factor of 419117847?
False
Does 46 divide 7135428?
True
Is 41413232 a multiple of 2730?
False
Is 86 a factor of 3593550?
False
Is 605813520 a multiple of 520?
True
Does 397 divide 200223377?
True
Does 115 divide 803896722?
False
Is 6 a factor of 64697801?
False
Is 317275416 a multiple of 8?
True
Does 2024 divide 2023641752?
True
Is 203 a factor of 186994465?
True
Does 155 divide 24374060?
True
Does 1559 divide 47044384?
True
Is 304848540 a multiple of 57?
True
Is 1203 a factor of 14004123?
True
Does 440 divide 61073869?
False
Is 3717232 a multiple of 10?
False
Is 30 a factor of 15687510?
True
Does 19 divide 583941063?
False
Is 13322382 a multiple of 2?
True
Is 4 a factor of 1561245368?
True
Is 41 a factor of 11457614?
True
Is 504504444 a multiple of 68?
True
Is 8534946 a multiple of 76?
False
Does 367 divide 69194180?
True
Does 408 divide 2736599208?
True
Is 1831 a factor of 66366